 Let a = 3296 - 3299. Determine z(a).
11
Let w be 10/(-2) - (-7 - 1). Let s be w + 0 - (-4 - -1). Let l(j) = -j + 6. What is l(s)?
0
Let s(m) = m**3 - 9*m**2 + 18*m + 13. Let k be s(5). Let y(a) = 2*a**3 - 7*a**2 + 3*a - 8. Give y(k).
-8
Let n(p) = 2*p**3 + p**2 - 1. Let x(f) = -6*f**3 - 4*f**2 - f + 2. Let a(s) = -8*n(s) - 3*x(s). Let v = 15 + -16. Let q = -1 + v. What is a(q)?
-4
Suppose 0 = -0*s - 5*s + 4*q + 2828, -s - 4*q + 556 = 0. Let b(m) = 1134 - 567 + m**2 + 6*m - s. Determine b(-7).
10
Suppose -2*b + 6*h = 2*h + 22, -2*b - 25 = -5*h. Let c be (b/(-4) + (-9)/36)/1. Let x(v) = v**3 - 2*v + 1. Calculate x(c).
0
Suppose 5*i - 1041 = -3*u, -4*i + 0*u + 4*u = -852. Let x be ((-6)/(-30))/(6/i). Let r(a) = -a**2 + 12*a - 9. Determine r(x).
26
Let g(j) = 6*j**3 - 2 - 4*j**3 - 3*j**3 - 4*j**2. Let s = -278020 - -278018. What is g(s)?
-10
Suppose 0 = 2*o - 4*m - 24, 4*o + 2*m - 44 + 46 = 0. Let f(b) = -b**3 - 3*b + 11. What is f(o)?
-3
Let l(c) = c**3 + 2*c**2 - c. Let f(o) = o**3 + 8*o**2 - 2*o + 4. Let v(w) = f(w) - 2*l(w). Let g = 49 + -34. Let x be 12/42*(g + -1). Calculate v(x).
4
Let w(d) be the second derivative of 1/6*d**4 - 5/6*d**3 + 5/2*d**2 + d + 1. Calculate w(2).
3
Let v(x) = 3*x**2 + 4*x - x - 2*x**2 - 16*x + 8 + 3*x. Suppose -g = 3*g - 32. Determine v(g).
-8
Let l(d) be the second derivative of 7/6*d**3 - 25*d - d**2 + 0. Calculate l(-3).
-23
Let s(b) = -b + 59 - 57 + 2*b**3 + 18566*b**2 - 18568*b**2. Calculate s(-3).
-67
Let u(n) = 6*n - 12. Suppose 1024 = -180*f + 244*f. What is u(f)?
84
Let d(u) = -4*u - 2. Let c(s) = 9*s + 4. Let y(o) = -3*c(o) - 7*d(o). Let k(p) = 3*p**3 - p**2 + p - 67. Let n be k(3). Calculate y(n).
10
Suppose 4*f + x - 17 + 1 = 0, 4*x = 5*f - 20. Let o(u) = u**3 - 11*u**2 + 27*u - 3. Calculate o(f).
-7
Let v(k) = 2*k**2 - 2*k. Let g = 313 + -654. Let b = g + 343. Give v(b).
4
Let q(x) = -x**3 - 27*x**2 + 2*x + 64. Let y be q(-27). Let u(m) = m - m + 0 + 17 - m. Give u(y).
7
Suppose -203 - 288 - 239 = 146*b. Let u(z) = 2*z**3 + 12*z**2 + 11*z - 3. What is u(b)?
-8
Let u = 24 + -18. Let t(q) be the second derivative of q**3/3 - 4*q**2 + 1416*q. Determine t(u).
4
Let z(m) = m**2 - 10*m + 2. Let g be (-20)/(-80) + (222/8 - 0). Let n(v) = 3*v**2 - g*v - 4 - v + 11. Let x(i) = -4*n(i) + 11*z(i). Determine x(5).
-1
Let z(m) = m**3 - 9*m**2 + 1. Suppose 5*r - 137*j + 140*j = -181, 3*r + 111 = -3*j. Let l be (-82)/(-10) - 28/r. Give z(l).
1
Suppose -3*y + 2*l = 2 - 3, -3*y - 11*l = -14. Let a(g) = 36*g**2 - 6*g + 6. Calculate a(y).
36
Let z(d) = -d**2 + 56*d - 358. Let i be z(7). Let h(j) = 3*j**2 + 44*j - 18. Give h(i).
-3
Suppose -46*b + 63*b = 374. Let i(c) = -25 - c**2 + 2*c**2 + 22*c**3 - c**3 - b*c**3. What is i(0)?
-25
Let n(b) = 2*b**2 + 10*b + 3. Let s be n(-5). Let z(m) = 0*m**3 - m**s - 3*m**2 + 0 - 64*m + 66*m - 4. What is z(-4)?
4
Let j(h) = h**2 - 14*h - 6. Let a be (-2 + 6/15)*70/28. Let v(g) = -g**2 + 12*g + 6. Let q(y) = a*j(y) - 5*v(y). Let l be 0 - -2 - (1 - 4). Give q(l).
-1
Let c(z) = -129 + z + 133 + 15. What is c(-20)?
-1
Let v(b) be the first derivative of b**7/840 - b**6/72 - b**5/30 - b**4/4 - 4*b**3/3 + 3*b - 44. Let r(n) be the third derivative of v(n). What is r(6)?
6
Let i(p) = -p**2 + 6*p. Let z be 3/(-2)*(-8)/(-6). Let q be (-5)/(7 + z)*-6. Determine i(q).
0
Let s(v) = -v - 3. Let t be (24/(-12))/(4/(-6)). Suppose 12*q - 7*q + t*g - 16 = 0, 3*g = 2*q + 2. Suppose 3*d + 1 = -q*j, 6*j - 16 = 8*j - 2*d. Determine s(j).
2
Suppose -5*v - 11 + 26 = 0. Let g(f) = 21 - f - f**v - 3*f**2 - f**2 - 15 - 7. What is g(-3)?
-7
Let v(x) be the first derivative of x**4/4 - 2*x**3 - 5*x**2/2 + 4*x - 1. Let o be 3/(-14) + (-2121)/(-294). What is v(o)?
18
Let t(x) = x**3 + 4*x**2 + 4*x + 10. Suppose -a - 5*i = -1, -3*a = -i - 2 + 15. Let y be t(a). Let r(h) = h + 5. What is r(y)?
-1
Let n(r) = 15*r - 195. Let c(s) = s**2 - 269*s - 1919. Let l be c(-7). Give n(l).
0
Let w = 451 + -444. Let r(l) be the first derivative of -l**4/4 + 2*l**3 + 7*l**2/2 + 6*l + 20. Give r(w).
6
Let o be (-10*(-18)/(-45) + 26)/(-2). Let a(t) = -t**3 - 13*t**2 - 25*t - 32. Calculate a(o).
1
Suppose -2 - 2 = 4*u. Let n(g) be the second derivative of -23*g**4/12 + g**2/2 + 30*g. Determine n(u).
-22
Let i be (12/10 + -2)*(-2 - 708). Let v = 574 - i. Let r(g) = 7*g**2 - 9*g - 4. Let t(l) = l**2 - 1. Let b(o) = -r(o) + 6*t(o). Calculate b(v).
16
Suppose -39 - 129 = -8*z. Let u(a) = -a**2 + 0*a**2 + 14 - z + 14. Let h be -1 + 3/6*2. Determine u(h).
7
Let f(w) = w**3 - w + 32. Let d = -1559 + 1559. Determine f(d).
32
Let j(r) = -2*r - 4. Suppose 4*s - 5*u = 2801, 4*s - 1783 = -2*u + 1039. Let b be (-128)/s + (-202)/(-22) + 0. What is j(b)?
-22
Let v(b) = 2*b**3 - 17*b**2 - 59*b + 25. Let q(a) = a**3 - 8*a**2 - 27*a + 12. Let t(z) = 9*q(z) - 4*v(z). Calculate t(6).
38
Let x(z) = z**2 - 40*z + 29. Let l be x(35). Let g be 6/75 - l/50. Let h(a) = a**3 - 3*a**2 + a + 4. Calculate h(g).
7
Let b(i) = -i**3 + i - 11. Suppose -413 = 5*l - 428. Suppose -k + 1 = 4*u + 6, 4*u - l*k = 15. Determine b(u).
-11
Let f(t) be the first derivative of -t**2 + t**3 + 147 - t + 1/4*t**4. Calculate f(-3).
5
Let y = -75426 + 75431. Let d(l) = 0*l**3 - l**3 + 5 - 11 + 3*l**2 + 5*l. Determine d(y).
-31
Let k = -52 - -56. Suppose 4*f + k*c + 4 = 8, 0 = 4*f + 3*c - 1. Let u be 7*(-4)/12 - f/(-3). Let l(t) = t**3 + t**2 - 2*t + 2. Give l(u).
-10
Suppose -147 = -114*c + 107*c. Let x be 0*(-2)/(-4) - c/(-7). Let s(p) = -2*p**3 + 4*p**2 - 3*p + 3. What is s(x)?
-24
Let s(r) = r**3 + 8*r**2 + 3*r - 17. Let w(g) = -61*g - 7. Let q be w(0). Calculate s(q).
11
Let l(c) = 8*c**3 + c**2 + 2*c + 1. Let b(g) = -2*g - 285. Let p be b(0). Let t = p + 284. What is l(t)?
-8
Let h be (-19)/21 + 1 + (-128544)/(-12978). Let i(o) = -3*o + 22. Calculate i(h).
-8
Let f(n) = 2*n**3 - 7*n**2 - n + 1. Let y(t) = -5*t**3 + 22*t**2 - t + 2. Let i(u) = -3*f(u) - y(u). Give i(-4).
27
Let v(p) = 48 + 127*p + 123*p - 262*p - 21. Give v(-2).
51
Let i(y) = 7*y - 4. Let f(c) = 5*c + 0*c - 7*c + c. Let b(u) = -5*f(u) - i(u). Give b(-3).
10
Let m(r) = -2*r**2 - r - 3. Let z = -174 - -209. Suppose 0 = -b + 5*g - 19, 5*b + 2*g - 7*g = -z. Determine m(b).
-31
Let b be (-1)/2*0 - -4. Let u(k) = -14*k - 314. Let l(t) = 3*t + 63. Let h(w) = 5*l(w) + u(w). Give h(b).
5
Let d(r) = -6*r + 156. Let q(t) = 2*t - 54. Let s be 7*1 - 5*48/(-60). Let f(w) = s*q(w) + 4*d(w). Give f(16).
-2
Let h(r) = r**3 - 2*r**2 - 2*r + 4. Let l be h(3). Let y(d) = d**3 - 41*d**2 + 40*d + 3. Let n be y(40). Let i(x) = n*x - 20 + 21 + 9*x - 11*x. What is i(l)?
8
Let m = 475 - 463. Let c(v) = 1 + 4*v + 9*v + 0*v - 12*v**2 - m*v. What is c(1)?
-10
Suppose 0*l + 108 = 4*w + 2*l, -5*w = 2*l - 133. Suppose -u + 3*r + 20 = 0, -3*u + 3*r = -5 - w. Let j(o) = 5*o - 2. Give j(u).
23
Suppose -92*o - 1200 = 8*o. Let b(f) = -f**3 - 10*f**2 + 35*f + 132. What is b(o)?
0
Let r(o) = 19*o**3 + 4*o**2 + 2*o - 3. Let x be r(-1). Let l(n) = -n**3 - 19*n**2 + 24*n + 82. Determine l(x).
2
Let f(k) = 4*k**2 - 6*k - 4. Let j be 4/2*((-62)/31 - 0). Determine f(j).
84
Let i = 33 - 39. Let k(a) = -5*a - 2*a - 90*a**2 - a**3 + 55*a**2 + 28*a**2 + 3. Determine k(i).
9
Let v(f) = -f**3 + 8*f**2 + 9*f + 12. Let z = 26 + -1. Suppose 6*k - z = -7. Let l be -3*(k + (-11 - -5)). Calculate v(l).
12
Let o(z) = -2*z**2 + 2*z + 4. Let x be 0*((-13)/18 - 2/(-9)). Suppose x = -455*g + 463*g + 24. Calculate o(g).
-20
Let d(a) = 9251*a + 1 - 18491*a + 9 + 9246*a. Give d(-6).
-26
Let w(r) be the second derivative of -21*r + 4*r**2 + 0 - 1/6*r**3. Calculate w(0).
8
Let q(c) = c**2 + 11*c + 4. Let v be q(-11). Suppose 8 = 6*h - v*h. Let m(x) = -6 + 9*x - 16*x + 3 + h*x. What is m(4)?
-15
Let u(o) be the second derivative of o**5/20 - 5*o**4/12 - o**3 - 2*o**2 - o. Let y(k) = -5*k**2 + 5*k - 18. Let a be y(8). Let i = a + 304. Determine u(i).
-4
Let h(r) be the third derivative of -r**8/20160 - r**7/1680 + r**6/240 - r**5/12 + r**3/6 - 32*r**2. Let u(c) be the third derivative of h(c). Determine u(-4).
-1
Let l(o) = -o**2 + 5*o + 1. Suppose 4*y + 168 = -3*y. Let k be 3*20/y*(-8)/5. Calculate l(k).
5
Let l(s) = 6*s**2 + 3*s - 7879*s**3 + 7872*s**3 + 3 - 7*s**2. Calculate l(-2).
49
Let f(x) be the second derivative of x**5/20 + 7*x**4/12 + 5*x**3/6 - 3*x**2 + 12*x + 